 5) in base 4?
1032113
2350 (base 7) to base 2
1101100100
8872 (base 13) to base 16
4a4d
5776 (base 9) to base 12
2589
-30205 (base 6) to base 12
-2365
What is -2141 (base 8) in base 9?
-1475
What is 92a (base 16) in base 8?
4452
-2322 (base 5) to base 11
-287
What is 35773 (base 10) in base 7?
206203
What is 2329 (base 10) in base 7?
6535
Convert 30435 (base 8) to base 14.
4821
What is 352214 (base 7) in base 5?
4010341
Convert 5789 (base 14) to base 7.
62232
Convert -736 (base 8) to base 7.
-1252
Convert 320 (base 4) to base 8.
70
Convert -15400 (base 6) to base 8.
-4730
Convert -37 (base 10) to base 5.
-122
What is 67d2 (base 16) in base 12?
1346a
8262 (base 10) to base 16
2046
111200 (base 4) to base 5
21001
Convert 6565 (base 9) to base 11.
36a9
Convert 2113411 (base 5) to base 3.
1210200010
-21 (base 14) to base 13
-23
Convert -10565 (base 7) to base 5.
-41233
Convert 30301 (base 4) to base 2.
1100110001
1a38 (base 12) to base 9
4358
Convert -151152 (base 6) to base 5.
-431130
-345 (base 8) to base 10
-229
Convert 10330 (base 6) to base 8.
2616
Convert 250 (base 9) to base 5.
1312
Convert -1011001001 (base 2) to base 14.
-38d
What is -1111001100001 (base 2) in base 15?
-2487
Convert 2022330 (base 4) to base 9.
13170
What is 3171 (base 11) in base 12?
2514
Convert 2460 (base 16) to base 7.
36102
Convert -20200200 (base 3) to base 5.
-124003
-3255 (base 8) to base 13
-a16
-25340 (base 8) to base 5
-322401
What is -1110011110101 (base 2) in base 3?
-101011120
What is -2d20 (base 14) in base 5?
-224224
What is -5c8 (base 15) in base 14?
-69b
What is 152 (base 13) in base 2?
11101100
Convert -12120212 (base 3) to base 8.
-7751
What is -559 (base 10) in base 12?
-3a7
What is -10 (base 4) in base 9?
-4
Convert 1602 (base 9) to base 3.
1200002
Convert 10202 (base 4) to base 14.
16a
Convert 48 (base 9) to base 2.
101100
What is 342454 (base 7) in base 11?
41876
Convert -d4 (base 15) to base 12.
-147
Convert 2010012101 (base 3) to base 6.
521014
Convert -432150 (base 6) to base 10.
-35490
Convert -25 (base 9) to base 11.
-21
Convert -12130 (base 5) to base 12.
-643
1011110101101 (base 2) to base 16
17ad
7c9 (base 15) to base 10
1764
7720 (base 8) to base 14
1692
-11100101100 (base 2) to base 7
-5232
-21033 (base 5) to base 9
-1817
What is -10774 (base 8) in base 10?
-4604
-222 (base 5) to base 12
-52
Convert 15174 (base 8) to base 2.
1101001111100
Convert -426 (base 16) to base 14.
-55c
102473 (base 8) to base 10
34107
Convert 1362 (base 8) to base 6.
3254
Convert -9a44 (base 11) to base 8.
-31665
Convert 3311 (base 8) to base 14.
8c1
Convert 100210 (base 3) to base 5.
2024
What is -41111 (base 6) in base 11?
-40a9
What is -112214 (base 6) in base 14?
-36ca
-1561 (base 13) to base 3
-11021121
Convert -3b4 (base 12) to base 11.
-477
Convert 9546 (base 11) to base 7.
51556
What is -151000 (base 7) in base 12?
-14a57
Convert 1001011000 (base 2) to base 11.
4a6
2220001022 (base 3) to base 4
31321001
17543 (base 11) to base 4
12000202
What is 2233 (base 8) in base 3?
1121200
What is -488 (base 11) in base 8?
-1104
What is 11031 (base 4) in base 10?
333
What is -13b0 (base 14) in base 7?
-13110
Convert 846a (base 11) to base 12.
65a0
Convert -44123 (base 5) to base 6.
-22022
What is -495 (base 11) in base 13?
-363
-459 (base 12) to base 5
-10040
What is 1111111101 (base 2) in base 13?
607
-4567 (base 8) to base 5
-34143
Convert 512 (base 10) to base 11.
426
What is -30330202 (base 4) in base 10?
-53026
What is 21cd (base 15) in base 6?
53104
Convert -8a (base 13) to base 16.
-72
What is -213422 (base 5) in base 7?
-30315
What is 20336 (base 8) in base 16?
20de
65331 (base 7) to base 12
9516
-10989 (base 10) to base 9
-16060
What is -324133 (base 5) in base 9?
-16278
What is 203 (base 8) in base 6?
335
Convert 27e6 (base 15) to base 8.
20535
What is 140065 (base 7) in base 2?
110011101011010
What is -100035 (base 7) in base 9?
-25073
1210 (base 7) to base 14
240
Convert -4442 (base 5) to base 7.
-1546
Convert -23163 (base 8) to base 4.
-2121303
What is -12c39 (base 13) in base 8?
-104327
1000001001 (base 2) to base 12
375
-14 (base 13) to base 9
-18
What is -13201 (base 4) in base 3?
-122211
18a (base 16) to base 14
202
What is 2544 (base 9) in base 15?
86d
What is 1222212100 (base 3) in base 16?
9963
What is -1151 (base 6) in base 8?
-433
What is -3624 (base 10) in base 6?
-24440
What is -170 (base 10) in base 6?
-442
13013 (base 4) to base 15
205
-1101001 (base 2) to base 3
-10220
Convert -10302 (base 7) to base 13.
-1212
-436 (base 9) to base 4
-11211
What is 442 (base 12) in base 11?
51a
-19aa (base 12) to base 4
-301102
Convert 110101011 (base 2) to base 13.
26b
Convert 1ed (base 15) to base 13.
286
What is -6ad (base 14) in base 2?
-10100110001
What is 110031302 (base 4) in base 11?
57235
What is -27a2a (base 11) in base 4?
-21232201
Convert 10306 (base 11) to base 6.
153254
What is 115233 (base 6) in base 7?
41604
Convert 10130 (base 4) to base 15.
13e
-62 (base 7) to base 3
-1122
-ec5 (base 15) to base 8
-6407
Convert -20203 (base 5) to base 13.
-793
-bb (base 15) to base 8
-260
Convert -51 (base 15) to base 13.
-5b
What is -2001111 (base 3) in base 8?
-2732
Convert edc (base 16) to base 5.
110204
-3a9 (base 16) to base 2
-1110101001
-210633 (base 7) to base 15
-ab73
Convert 185 (base 15) to base 7.
1010
What is 7494 (base 13) in base 14?
5c76
What is -3557 (base 14) in base 4?
-2101021
3034 (base 8) to base 15
6e4
4cb5 (base 14) to base 15
3ee2
17ab2 (base 12) to base 3
1202012022
What is 2a008 (base 11) in base 16?
a668
-211202 (base 3) to base 4
-21212
Convert -781 (base 10) to base 9.
-1057
What is -8a15 (base 12) in base 9?
-22858
Convert -5051 (base 8) to base 6.
-20013
What is 50a (base 13) in base 6?
3543
What is -1010101000 (base 2) in base 5?
-10210
What is 2354 (base 6) in base 4?
20332
What is 1100 (base 10) in base 14?
588
-627 (base 16) to base 14
-807
What is 1000010010111 (base 2) in base 7?
15245
Convert -d8a (base 14) to base 11.
-2008
276 (base 15) to base 3
202210
Convert -3167 (base 10) to base 13.
-1598
-b57b (base 12) to base 11
-13991
What is -1012 (base 8) in base 5?
-4042
Convert 1cc9 (base 14) to base 4.
1102121
What is -223 (base 9) in base 8?
-267
-281 (base 13) to base 7
-1202
What is 10000011110011 (base 2) in base 13?
3abb
What is 133210 (base 4) in base 11?
1577
-10001202 (base 3) to base 14
-b58
Convert -28c7 (base 13) to base 16.
-1715
What is 13176 (base 8) in base 3?
21220021
562 (base 13) to base 5
12200
2257 (base 8) to base 5
14244
Convert 5351 (base 6) to base 8.
2303
What is -970 (base 14) in base 9?
-2488
-561 (base 14) to base 7
-3051
What is -f8a (base 16) in base 5?
-111403
What is -407 (base 12) in base 9?
-717
16933 (base 12) to base 5
2014224
Convert -1100001011001 (base 2) to base 3.
-22112212
Convert 59e2 (base 15) to base 7.
106502
What is 20121 (base 4) in base 10?
537
Convert -2104 (base 6) to base 10.
-472
Convert 10231 (base 4) to base 8.
455
203544 (base 7) to base 16
8868
What is 20031 (base 9) in base 10?
13150
41d (base 15) to base 11
774
6a (base 16) to base 5
411
What is 410 (base 11) in base 6?
2143
Convert 1245 (base 7) to base 2.
111011010
-1720 (base 8) to base 7
-2563
-846 (base 13) to base 8
-2602
Convert 11222 (base 3) to base 7.
251
Convert 3cdd (base 16) to base 13.
7127
What is -1172 (base 15) in base 8?
-7173
Convert -3076 (base 8) to base 6.
-11222
-5a5 (base 11) to base 4
-23100
Convert -3464 (base 7) to base 16.
-4f7
What is -1714 (base 13) in base 6?
-23421
2487 (base 11) to base 10
3241
-216 (base 15) to base 5
-3341
Convert 210000 (base 3) to base 13.
348
51342 (base 8) to base 9
32085
What is -302 (base 10) in base 6?
-1222
Convert 1424 (base 6) to base 3.
111221
Convert -31210 (base 4) to base 13.
-51a
Convert -4287 (base 13) to base 9.
-13603
1183 (base 11) to base 14
7c3
254 (base 9) to base 15
e1
-1224 (base 5) to base 14
-d7
360 (base 11) to base 4
12231
Convert -222020101 (base 3) to base 6.
-224314
What is -7424 (base 12) in base 14?
-48b2
-35158 (base 10) to base 15
-a63d
-215 (base 10) to base 13
-137
Convert 83 (base 16) to base 9.
155
What is -409 (base 11) in base 3?
-200021
What is -e13 (base 15) in base 7?
-12144
21538 (base 11) to base 3
1120212202